 base 12
-9
Convert 1 (base 8) to base 16.
1
9 (base 16) to base 4
21
-1011 (base 2) to base 9
-12
111 (base 9) to base 14
67
Convert 110 (base 2) to base 11.
6
-1 (base 8) to base 13
-1
Convert 2 (base 9) to base 11.
2
What is 40 (base 9) in base 16?
24
152 (base 6) to base 16
44
What is 110 (base 3) in base 15?
c
Convert 10 (base 12) to base 2.
1100
What is -22 (base 5) in base 8?
-14
What is -11 (base 7) in base 11?
-8
What is 22 (base 3) in base 9?
8
Convert -28 (base 10) to base 12.
-24
Convert 16 (base 11) to base 10.
17
-11 (base 11) to base 12
-10
What is -1 (base 4) in base 13?
-1
What is -21 (base 4) in base 7?
-12
-412 (base 5) to base 11
-98
-111 (base 4) to base 6
-33
What is -af (base 16) in base 2?
-10101111
Convert -81 (base 10) to base 7.
-144
What is -16 (base 9) in base 5?
-30
-1122 (base 3) to base 13
-35
What is -ab (base 14) in base 11?
-128
2 (base 14) to base 7
2
What is -202 (base 3) in base 4?
-110
9 (base 13) to base 8
11
Convert 32 (base 6) to base 12.
18
Convert 15 (base 10) to base 2.
1111
Convert -b (base 13) to base 3.
-102
What is 45 (base 6) in base 3?
1002
Convert 1032 (base 7) to base 9.
446
What is -11 (base 2) in base 14?
-3
What is -6 (base 16) in base 15?
-6
What is -2 (base 16) in base 8?
-2
15 (base 10) to base 14
11
What is -1b (base 13) in base 7?
-33
0 (base 2) to base 5
0
-10101 (base 2) to base 15
-16
Convert 23 (base 8) to base 2.
10011
Convert -5 (base 7) to base 12.
-5
What is 1032 (base 4) in base 8?
116
What is ab (base 13) in base 14?
a1
Convert 2 (base 13) to base 3.
2
a (base 12) to base 6
14
What is 321 (base 6) in base 12?
a1
-2 (base 7) to base 3
-2
Convert 110 (base 3) to base 15.
c
Convert -6 (base 7) to base 8.
-6
Convert 110 (base 2) to base 7.
6
What is -2 (base 3) in base 14?
-2
22 (base 6) to base 8
16
Convert -40 (base 14) to base 15.
-3b
-73 (base 12) to base 8
-127
Convert -72 (base 9) to base 2.
-1000001
What is -7 (base 8) in base 13?
-7
5 (base 14) to base 10
5
What is -1 (base 12) in base 5?
-1
Convert 122 (base 3) to base 5.
32
What is -e (base 15) in base 9?
-15
Convert -37 (base 16) to base 12.
-47
-1d (base 15) to base 8
-34
-21 (base 6) to base 11
-12
Convert 2233 (base 4) to base 5.
1200
Convert -1001 (base 2) to base 10.
-9
-252 (base 9) to base 7
-416
What is 6 (base 7) in base 11?
6
What is -1 (base 4) in base 16?
-1
What is -142 (base 6) in base 9?
-68
What is -12 (base 4) in base 15?
-6
What is f6 (base 16) in base 10?
246
Convert 3 (base 7) to base 6.
3
-241 (base 5) to base 7
-131
What is 180 (base 9) in base 3?
12200
What is 11 (base 2) in base 9?
3
-101 (base 13) to base 9
-208
Convert 65 (base 9) to base 15.
3e
What is 80 (base 10) in base 8?
120
Convert 23 (base 14) to base 2.
11111
What is 2 (base 8) in base 2?
10
11212 (base 3) to base 2
10000011
Convert 11 (base 4) to base 2.
101
10 (base 5) to base 11
5
-10 (base 7) to base 13
-7
Convert 6 (base 13) to base 10.
6
2 (base 5) to base 13
2
2021 (base 3) to base 9
67
Convert -5 (base 13) to base 16.
-5
-2010 (base 4) to base 10
-132
-64 (base 11) to base 3
-2121
Convert -2 (base 6) to base 5.
-2
-3 (base 4) to base 2
-11
Convert 21 (base 9) to base 6.
31
Convert 1 (base 12) to base 2.
1
What is 7 (base 15) in base 5?
12
Convert -1000 (base 5) to base 8.
-175
What is -27 (base 14) in base 3?
-1022
Convert 1301 (base 4) to base 6.
305
Convert 123 (base 4) to base 3.
1000
What is -b (base 13) in base 9?
-12
Convert 57 (base 9) to base 16.
34
102022 (base 3) to base 12
215
3 (base 6) to base 3
10
Convert -5 (base 10) to base 7.
-5
15 (base 9) to base 11
13
What is -3 (base 5) in base 6?
-3
Convert 30 (base 12) to base 11.
33
What is 113 (base 4) in base 9?
25
-13 (base 5) to base 2
-1000
Convert 12 (base 7) to base 11.
9
Convert 3 (base 14) to base 3.
10
-202 (base 5) to base 14
-3a
26 (base 13) to base 4
200
What is -4 (base 6) in base 2?
-100
What is -5 (base 10) in base 13?
-5
-26 (base 10) to base 3
-222
What is 2 (base 8) in base 3?
2
What is 5 (base 7) in base 9?
5
What is 1 (base 9) in base 5?
1
Convert 87 (base 16) to base 9.
160
-2000 (base 3) to base 11
-4a
What is 10 (base 7) in base 16?
7
Convert -6 (base 9) to base 14.
-6
11 (base 14) to base 12
13
What is -4 (base 14) in base 16?
-4
What is 0 (base 13) in base 11?
0
68 (base 10) to base 4
1010
Convert -3 (base 7) to base 13.
-3
Convert 30 (base 16) to base 6.
120
Convert -1a (base 13) to base 6.
-35
Convert -4 (base 13) to base 12.
-4
111 (base 7) to base 5
212
Convert 68 (base 11) to base 13.
59
-13c (base 14) to base 3
-100021
What is -e (base 15) in base 4?
-32
Convert -15 (base 10) to base 7.
-21
What is 4 (base 9) in base 7?
4
Convert 3 (base 6) to base 5.
3
Convert 3 (base 6) to base 7.
3
Convert 0 (base 15) to base 10.
0
What is 33 (base 10) in base 2?
100001
-17 (base 11) to base 10
-18
34 (base 6) to base 5
42
What is 113 (base 9) in base 7?
162
What is -7 (base 10) in base 6?
-11
What is 0 (base 16) in base 8?
0
Convert -25 (base 15) to base 3.
-1022
202 (base 4) to base 15
24
What is 16 (base 8) in base 14?
10
Convert 204 (base 5) to base 11.
4a
-11 (base 4) to base 9
-5
What is 1 (base 5) in base 16?
1
What is 2 (base 3) in base 4?
2
What is 3 (base 15) in base 3?
10
What is -5 (base 10) in base 12?
-5
Convert 5 (base 12) to base 5.
10
Convert 31 (base 12) to base 11.
34
-10 (base 5) to base 14
-5
Convert -1 (base 6) to base 9.
-1
21 (base 11) to base 4
113
-89 (base 13) to base 5
-423
31 (base 10) to base 9
34
What is 14 (base 7) in base 8?
13
Convert 132 (base 4) to base 8.
36
136 (base 12) to base 2
10111010
Convert -30 (base 12) to base 14.
-28
Convert 8 (base 11) to base 12.
8
213 (base 5) to base 8
72
1122 (base 4) to base 5
330
57 (base 11) to base 7
116
Convert -40 (base 5) to base 13.
-17
What is 12202 (base 3) in base 11?
131
103 (base 4) to base 10
19
What is -a (base 16) in base 11?
-a
What is -2120 (base 3) in base 7?
-126
What is 31 (base 13) in base 11?
37
1212 (base 3) to base 11
46
What is -3 (base 8) in base 13?
-3
Convert -56 (base 11) to base 10.
-61
Convert -7 (base 15) to base 11.
-7
-1 (base 15) to base 4
-1
Convert 3 (base 13) to base 15.
3
Convert -12 (base 3) to base 7.
-5
What is -1 (base 16) in base 8?
-1
What is -b (base 16) in base 4?
-23
Convert -10 (base 11) to base 8.
-13
Convert 13 (base 4) to base 13.
7
What is -3 (base 9) in base 8?
-3
-15b (base 12) to base 4
-3113
Convert 5 (base 10) to base 6.
5
-4 (base 11) to base 9
-4
Convert 0 (base 16) to base 15.
0
Convert 2 (base 8) to base 16.
2
92 (base 12) to base 2
1101110
What is 4 (base 13) in base 16?
4
Convert 1 (base 11) to base 9.
1
10 (base 6) to base 3
20
What is -1b (base 14) in base 16?
-19
Convert -1 (base 14) to base 7.
-1
1001 (base 3) to base 15
1d
7c (base 13) to base 2
1100111
What is -101 (base 2) in base 6?
-5
Convert -2 (base 6) to base 16.
-2
Convert -35 (base 15) to base 4.
-302
What is -2 (base 3) in base 2?
-10
6 (base 10) to base 14
6
-25 (base 10) to base 3
-221
Convert -10 (base 2) to base 12.
-2
Convert 3 (base 14) to base 7.
3
What is -169 (base 15) in base 11?
-275
Convert -21 (base 11) to base 8.
-27
What is 11 (base 3) in base 12?
4
Convert -23 (base 11) to base 2.
-11001
What is 321 (base 7) in base 6?
430
Convert -141 (base 5) to base 6.
-114
Convert 34 (base 7) to base 15.
1a
What is 3 (base 11) in base 10?
3
Convert 2 (base 5) to base 9.
2
What is -124 (base 5) in base 3?
-1110
Convert 52 (base 10) to base 13.
40
Convert -33 (base 12) to base 8.
-47
What is 11 (base 2) in base 11?
3
2 (base 10) to base 4
2
-1013 (base 4) to base 9
-78
What is 52 (base 8) in base 10?
42
What is 0 (base 9) in base 11?
0
Convert 113 (base 4) to base 8.
27
3 (base 6) to base 16
3
-77 (base 9) to base 13
-55
What is -23 (base 13) in base 12?
-25
What is -47 (base 15) in base 13?
-52
4 (base 11) to base 5
4
3 (base 10) to base 16
3
Convert 5 (base 9) to base 6.
5
Convert 6 (base 11) to base 7.
6
-2012 (base 3) to base 6
-135
What is 6 (base 12) in base 8?
6
-18 (base 13) to base 8
-25
What is 9 (base 16) in base 12?
9
-b (base 14) to base 15
-b
-100 (base 6) to base 12
-30
What is 6 (base 14) in base 2?
110
-4 (base 5) to base 8
-4
What is 19 (base 15) in base 5?
44
What is -20102 (base 3) in base 8?
-255
-3 (base 9) to base 3
-10
What